d by 607?
55
Calculate the remainder when 5410 is divided by 1316.
146
Calculate the remainder when 2857 is divided by 2820.
37
What is the remainder when 163524 is divided by 191?
28
Calculate the remainder when 17797 is divided by 2216.
69
Calculate the remainder when 469738 is divided by 748.
742
Calculate the remainder when 23442 is divided by 179.
172
Calculate the remainder when 30369 is divided by 390.
339
What is the remainder when 115844 is divided by 783?
743
Calculate the remainder when 77379 is divided by 461.
392
Calculate the remainder when 419349 is divided by 7230.
9
What is the remainder when 228599 is divided by 60?
59
Calculate the remainder when 4385 is divided by 486.
11
What is the remainder when 4326 is divided by 1421?
63
Calculate the remainder when 185854 is divided by 505.
14
What is the remainder when 29715 is divided by 139?
108
What is the remainder when 158135 is divided by 158129?
6
Calculate the remainder when 443903 is divided by 772.
3
What is the remainder when 4993 is divided by 180?
133
Calculate the remainder when 23771 is divided by 50.
21
Calculate the remainder when 17477 is divided by 81.
62
What is the remainder when 2701 is divided by 529?
56
Calculate the remainder when 10943 is divided by 10874.
69
What is the remainder when 5544 is divided by 195?
84
Calculate the remainder when 7141 is divided by 46.
11
What is the remainder when 33920 is divided by 6782?
10
Calculate the remainder when 780 is divided by 236.
72
What is the remainder when 2341 is divided by 1649?
692
What is the remainder when 6139 is divided by 56?
35
What is the remainder when 524192 is divided by 439?
26
Calculate the remainder when 15379 is divided by 1392.
67
What is the remainder when 13788 is divided by 307?
280
Calculate the remainder when 176764 is divided by 314.
296
What is the remainder when 166780 is divided by 37?
21
Calculate the remainder when 16593 is divided by 599.
420
What is the remainder when 67 is divided by 23?
21
Calculate the remainder when 83597 is divided by 740.
717
What is the remainder when 10823 is divided by 144?
23
What is the remainder when 4044 is divided by 1996?
52
Calculate the remainder when 4856 is divided by 1221.
1193
What is the remainder when 192142 is divided by 4926?
28
Calculate the remainder when 1730 is divided by 101.
13
Calculate the remainder when 1169 is divided by 15.
14
Calculate the remainder when 412009 is divided by 34.
31
Calculate the remainder when 57364 is divided by 808.
804
What is the remainder when 223108 is divided by 23?
8
What is the remainder when 18044 is divided by 564?
560
What is the remainder when 163938 is divided by 163933?
5
Calculate the remainder when 101395 is divided by 26.
21
What is the remainder when 906 is divided by 212?
58
Calculate the remainder when 2397 is divided by 511.
353
What is the remainder when 6742 is divided by 3357?
28
Calculate the remainder when 5481 is divided by 90.
81
Calculate the remainder when 32003 is divided by 252.
251
Calculate the remainder when 13825 is divided by 4.
1
Calculate the remainder when 210771 is divided by 70253.
12
Calculate the remainder when 14779 is divided by 56.
51
Calculate the remainder when 21513 is divided by 65.
63
Calculate the remainder when 159576 is divided by 146.
144
Calculate the remainder when 22585 is divided by 211.
8
Calculate the remainder when 6342 is divided by 201.
111
What is the remainder when 19849 is divided by 128?
9
Calculate the remainder when 4909 is divided by 1597.
118
What is the remainder when 3414 is divided by 163?
154
What is the remainder when 741985 is divided by 988?
985
What is the remainder when 8467 is divided by 24?
19
Calculate the remainder when 18968 is divided by 115.
108
What is the remainder when 147377 is divided by 503?
501
Calculate the remainder when 690 is divided by 237.
216
Calculate the remainder when 2778 is divided by 986.
806
What is the remainder when 15648 is divided by 5186?
90
Calculate the remainder when 44281 is divided by 44257.
24
What is the remainder when 1345 is divided by 1219?
126
What is the remainder when 4368 is divided by 134?
80
Calculate the remainder when 36832 is divided by 40.
32
Calculate the remainder when 377548 is divided by 16.
12
Calculate the remainder when 83235 is divided by 290.
5
What is the remainder when 33655 is divided by 10?
5
What is the remainder when 16092 is divided by 92?
84
Calculate the remainder when 5828 is divided by 728.
4
Calculate the remainder when 22497 is divided by 341.
332
What is the remainder when 8953 is divided by 2982?
7
Calculate the remainder when 6106 is divided by 407.
1
What is the remainder when 4190 is divided by 172?
62
Calculate the remainder when 691347 is divided by 330.
327
Calculate the remainder when 193668 is divided by 10.
8
What is the remainder when 308 is divided by 81?
65
What is the remainder when 13447 is divided by 50?
47
Calculate the remainder when 9498 is divided by 76.
74
Calculate the remainder when 469887 is divided by 24.
15
Calculate the remainder when 8365031 is divided by 468.
467
Calculate the remainder when 29240 is divided by 1329.
2
What is the remainder when 85492 is divided by 12212?
8
Calculate the remainder when 2229899 is divided by 20.
19
What is the remainder when 3154 is divided by 271?
173
Calculate the remainder when 323465 is divided by 419.
416
Calculate the remainder when 10166383 is divided by 8.
7
Calculate the remainder when 65869 is divided by 4390.
19
What is the remainder when 499489 is divided by 28?
25
What is the remainder when 3771 is divided by 25?
21
What is the remainder when 621293 is divided by 22?
13
What is the remainder when 12712 is divided by 310?
2
What is the remainder when 654452 is divided by 37?
33
What is the remainder when 1695 is divided by 554?
33
What is the remainder when 10105 is divided by 1659?
151
What is the remainder when 14841 is divided by 19?
2
Calculate the remainder when 20050 is divided by 76.
62
Calculate the remainder when 4338 is divided by 4338.
0
Calculate the remainder when 1490719 is divided by 516.
511
Calculate the remainder when 73596 is divided by 281.
255
Calculate the remainder when 6728 is divided by 251.
202
Calculate the remainder when 10897 is divided by 599.
115
Calculate the remainder when 1993 is divided by 90.
13
What is the remainder when 17877 is divided by 398?
365
What is the remainder when 4948 is divided by 4946?
2
What is the remainder when 725 is divided by 17?
11
Calculate the remainder when 27513 is divided by 107.
14
Calculate the remainder when 847149 is divided by 74.
71
What is the remainder when 21340 is divided by 851?
65
What is the remainder when 2817 is divided by 418?
309
Calculate the remainder when 10294 is divided by 35.
4
What is the remainder when 569 is divided by 57?
56
Calculate the remainder when 8236 is divided by 1343.
178
What is the remainder when 65988 is divided by 21990?
18
Calculate the remainder when 91851 is divided by 59.
47
Calculate the remainder when 2266 is divided by 1127.
12
What is the remainder when 377 is divided by 17?
3
Calculate the remainder when 40598 is divided by 75.
23
What is the remainder when 28483 is divided by 15?
13
Calculate the remainder when 5295 is divided by 170.
25
What is the remainder when 1003847 is divided by 24?
23
Calculate the remainder when 3324 is divided by 1092.
48
What is the remainder when 47930 is divided by 137?
117
What is the remainder when 680216 is divided by 30?
26
Calculate the remainder when 529 is divided by 181.
167
What is the remainder when 524981 is divided by 1710?
11
Calculate the remainder when 199605 is divided by 422.
421
What is the remainder when 33955 is divided by 11294?
73
Calculate the remainder when 144252 is divided by 177.
174
Calculate the remainder when 23972 is divided by 7988.
8
What is the remainder when 213498 is divided by 323?
318
What is the remainder when 243199 is divided by 105?
19
What is the remainder when 58708 is divided by 466?
458
What is the remainder when 8325 is divided by 81?
63
What is the remainder when 10459 is divided by 1034?
119
What is the remainder when 9061 is divided by 62?
9
Calculate the remainder when 42729 is divided b